List the prime factors of (2 - m/(-9))/((-4)/(-6)).
2
Let t(l) be the first derivative of -l**4/6 + 49*l**3/6 + 12*l**2 - 29. Let z(d) be the second derivative of t(d). What are the prime factors of z(7)?
3, 7
Let g(y) = 396*y + 18. Let n be g(-4). Let f = -940 - n. What are the prime factors of f?
2, 313
Suppose 1260 = -15*k + 195. Let w be -3 + 2 - 805/(-9 - -4). Let u = k + w. List the prime factors of u.
89
Let n be -2 - -41 - (20/(-4) - -2). Let i be 3*(-4)/n - (-20)/70. Suppose -y - y = i, -u + 78 = -4*y. What are the prime factors of u?
2, 3, 13
Suppose -s + 3*h + 316 = 0, 2*h - 3*h = -1. Let v = 634 - s. List the prime factors of v.
3, 5, 7
Let w(b) = 270*b**3 - 8*b**2 + 34*b - 9. What are the prime factors of w(4)?
37, 467
Let v(s) = -s**3 + 16*s**2 + 6*s + 8. Suppose 3*q = 5*z - 86, 0 = 2*z - 4*q + 7*q - 26. Let f be v(z). Let y = 149 - f. What are the prime factors of y?
3, 5
Let p(k) = 2*k**2 - 9*k + 12. Let c be p(2). Suppose c*y - 4056 = -4*y. Suppose -i = -5*w + y, -11 - 1 = -3*i. What are the prime factors of w?
2, 17
Suppose 5*g = 5, -5*j + 0*g + 112 = 2*g. Let b = -20 + j. Suppose 2*t - 3*p - 321 = 0, 0 = -b*t - 5*p + 7*p + 322. What are the prime factors of t?
2, 3
Suppose 0*c = 2*c - 178. Let j = c - -233. Let z = -223 + j. What are the prime factors of z?
3, 11
Suppose 4 - 20 = -4*p. Suppose 0*t + p*t = 0. What are the prime factors of 3 - (-270 + t)/3?
3, 31
Let j be -26*((-10)/4)/5. Suppose 10*v = j*v - 12. What are the prime factors of 14*((-2)/v + 0 + 4)?
7
Let b be (-2)/(-5 - (-36)/8). Let l be b/12*21 - 2. List the prime factors of (-5)/(5 + l)*-354.
3, 59
Suppose -273*u = -267*u + 3966. Let w = -229 - u. List the prime factors of w.
2, 3
Suppose -4*k - 9 = -7*k, -2*n + 5*k - 5 = 0. Let x(o) = 379 - 375 + 12*o**2 - n*o + 9*o**2. List the prime factors of x(2).
2, 3, 13
Let u be 12/(-306)*3 - (-12644)/(-34). Let q = u + 1084. What are the prime factors of q?
2, 89
Let h = 14290 - 9255. What are the prime factors of h?
5, 19, 53
Let o(z) = 126*z**2 - 74*z + 13. List the prime factors of o(-15).
29473
Let i be 118 + -16 - 0/(-2). Let x = i - 98. Suppose -x*h + 87 = -185. List the prime factors of h.
2, 17
Suppose -4*h = 5*c - 14, 2 = -h + 5*h - c. Let l be (144/(-42))/(h/(-7)). Let x = -22 + l. What are the prime factors of x?
2
Suppose 3*y + 5 = 41. Suppose -7*d - 495 = -y*d. List the prime factors of ((-12)/(-9))/(-2 + 201/d).
2, 11
Suppose -30053 = -5*i + 290*o - 287*o, -12008 = -2*i - o. What are the prime factors of i?
6007
Suppose -q + 1 + 14 = 0. Let g(u) = u**3 - 10*u**2 - 26*u - 11. What are the prime factors of g(q)?
2, 181
Let g be ((-4)/5)/((-124)/(-310)). What are the prime factors of 25/(-5) + (g - -937) + -3?
3, 103
Let x = 15458 + -8400. What are the prime factors of x?
2, 3529
Suppose -17*w + 140158 = -263966. What are the prime factors of w?
2, 3, 7, 283
Let i(b) = -b**2 - 218*b + 2. List the prime factors of i(-42).
2, 3697
Let b = 38010 - 8178. What are the prime factors of b?
2, 3, 11, 113
Let n = -502 + 405. Let p = n - -135. What are the prime factors of p?
2, 19
Let i(l) = l**3 + 17*l**2 - 174*l - 135. List the prime factors of i(-24).
3
Let i be 15 + (-12 - -11)/(2/4). Let r(s) = -s**3 + 13*s**2 + 4*s + 10. Let m be r(i). Let c = 179 + m. List the prime factors of c.
241
Let n(y) = 369*y**3 - y**2 - 6*y + 6. Suppose 6 - 14 = -8*r. What are the prime factors of n(r)?
2, 23
Let p = -4 + 28. Suppose 223 - 227 = 2*u - 482. Suppose 23*d + u = p*d. List the prime factors of d.
239
Let j be 220/14 + (-4)/(-84)*6. Suppose j = -5*b + c + 36, 3*c = -b - 12. Let w = b + 25. What are the prime factors of w?
2, 7
Suppose 0 = -14*b - 96*b + 1351902 - 180622. List the prime factors of b.
2, 11
Let r(x) = 63*x**3 + 8*x**2 + 16 - 64*x**3 + 25 + 14*x. List the prime factors of r(-6).
461
List the prime factors of ((-1688)/3 + -2)*4578/(-436).
7, 11
Let u(q) be the third derivative of 2*q**2 + 1/30*q**5 + 5/6*q**3 + 1/24*q**4 + 0 + 0*q. List the prime factors of u(3).
2, 13
Let m = 55 + -737. Let a = m - -1063. List the prime factors of a.
3, 127
Let h = 1567 + -325. Let t = h + -156. What are the prime factors of t?
2, 3, 181
Let d(a) = -875*a - 1521. What are the prime factors of d(-14)?
10729
Let a(u) = u**2 + 3*u - 13. Let v be a(-6). Suppose -3*d + 59 = v. List the prime factors of (0 + d/15)/(18/315).
3, 7
Let r be (24/18 - -1)*(-3 + 0). Suppose 4 = -3*z - 2*c + 35, 2*z = c + 9. List the prime factors of (-1)/((r/64)/z).
2
Let j(o) = -1500*o - 5261. List the prime factors of j(-47).
65239
Let x = 207 + -656. Let r = -232 - x. Let q = -18 + r. What are the prime factors of q?
199
Suppose -152*y - l - 53528 = -154*y, -y = -4*l - 26750. List the prime factors of y.
2, 3, 1487
Let i = 3553 - 234. Suppose -4*z + 2*g = 797 - i, 3*z + 2*g - 1888 = 0. What are the prime factors of z?
2, 3, 5, 7
Let g(s) = -4*s - 6. Let d be g(-9). List the prime factors of 45/d + -2081*(-3)/6.
2, 521
Suppose 0 = -5*w + 25, 3*w + 2*w - 57 = 2*h. Let s be (-2 - h/3)*9/2. Let b(i) = 7*i + 24. List the prime factors of b(s).
3, 43
Suppose 0 = 5*w + 238 + 142. Let g = w + 217. What are the prime factors of g?
3, 47
Let m = -18 - -21. Let c(d) = -4*d**3 + 11*d**2 + 5*d + 13. Let z(g) = g**3 - g**2 + g. Let f(o) = m*z(o) + c(o). What are the prime factors of f(9)?
2
Let f(a) = a**3 - 12*a**2 - 15*a + 9. Let w be f(13). Let k = w + 32. List the prime factors of k.
3, 5
Let j = 2638 + 8178. What are the prime factors of j?
2, 13
Let i = -1602 + 2506. Suppose -7*p + 965 = -i. What are the prime factors of p?
3, 89
Let u(p) = p**2 - 14*p - 35. Let d be u(16). Let k(i) = -28*i - 25. What are the prime factors of k(d)?
59
Let b be 19176/60 + (-3)/5. Suppose -5*l + 1379 - b = -2*r, 0 = -4*l - 5*r + 815. List the prime factors of l.
2, 3, 5, 7
Let b be (-1062)/16 + 15/40. List the prime factors of b/12*(-48)/6.
2, 11
Let n(y) = 12314*y + 661. List the prime factors of n(3).
31, 1213
Let b(y) = 8*y**3 - 11*y**2 - 7*y - 45. Let m(h) = -4*h**3 + 5*h**2 + 4*h + 23. Let k(v) = 3*b(v) + 7*m(v). What are the prime factors of k(-6)?
2, 5, 23
Let q be (-2 - -3)/(3 + (-11)/4). Let x be ((-18)/q)/(9/(-6)). What are the prime factors of (0 - -12)*2/x?
2
Suppose 98*d - 102*d + 63322 = -5*w, 0 = d - 5*w - 15853. What are the prime factors of d?
15823
Suppose -4*f = -3*i - f + 9, 3*i = 5*f + 9. Suppose -i*q - 1380 = -8*q. Let c = q - 147. What are the prime factors of c?
3, 43
Let z(a) be the first derivative of a**4/3 + a**3/6 + 3*a**2 + 6*a - 12. Let c(f) be the first derivative of z(f). List the prime factors of c(-3).
3, 13
Suppose -5*r = 25, -m + 6*m = -2*r + 15. Suppose -5*l - m + 625 = 0. Let p = l + -23. List the prime factors of p.
101
Suppose 421*i = 414*i + 35329. What are the prime factors of i?
7, 103
Suppose 39407 = 2*m + d, -2*m + 4*d + 52673 - 13231 = 0. List the prime factors of m.
3, 6569
Suppose -11*m + r + 1231 = -8*m, -r = -4*m + 1641. Let o = m - 370. List the prime factors of o.
2, 5
Let q = 1721 + 305. What are the prime factors of q?
2, 1013
Let r(h) = -h**2 - 7*h - 2. Suppose -3*v + 11*v = -48. Let f be r(v). Suppose 3*c + 105 = f*c. What are the prime factors of c?
3, 5, 7
Suppose 214*m - 580236 = 212420. List the prime factors of m.
2, 463
Suppose 5*h + l - 4803 = 0, 3*l + 473 = 5*h - 4338. Suppose 0 = -28*f - 3*f + h. What are the prime factors of f?
31
Let p(o) = 25*o**3 - 2*o**2 + o. Let s be p(1). Let b = -22 + s. List the prime factors of b*9 - (2 + -5).
3, 7
Suppose -2*a = -4*p + 37962, 5699 + 13279 = 2*p - 2*a. List the prime factors of p.
2, 3, 7, 113
Suppose -61337 = -107*p + 103*p - 3*h, -5*h = 3*p - 45989. What are the prime factors of p?
2, 7669
Let f = -7926 + 18382. What are the prime factors of f?
2, 1307
What are the prime factors of 6/1 - (-6484 - 11)?
3, 11, 197
Let d = -142 + -98. Let r = d - -352. List the prime factors of r.
2, 7
Let s be 142*(6 - 30/4). Let i = s - -303. List the prime factors of i.
2, 3, 5
List the prime factors of -5*16570/(-22 + 12).
5, 1657
Let l = 96174 + -46286. List the prime factors of l.
2, 1559
What are the prime factors of 6*1070 + 48/(-12)?
2, 401
Suppose 8*z - 5*g - 8604 = 6*z, 0 = -5*z - 2*g + 21597. List the prime factors of z.
3, 1439
Let g be -1 + 2 + 2 + 70. Let c = g + 42.